h - 25. Let d be s(-19). Suppose -12 = 3*z, -z = 3*y - 5*z - d. Let t = y - 746. Is t composite?
False
Suppose -3*j - 5*h = -89, -h = -3*j - 3*h + 86. Is 289037/j + 4 + 3/12 a prime number?
False
Suppose 0 = -5*u + 10, -2*u + 26 = 3*r + 1. Suppose 19*p = r*p + 30252. Is p a prime number?
True
Let x = -972656 + 1512129. Is x prime?
False
Let l be (64/(-5))/(-2) + 10/(-25). Suppose -l = 4*h - 2*j, -3*j = 2*h - 2*j - 3. Suppose -a = 4, 4*v = -h*v + 3*a + 2744. Is v a composite number?
False
Let m = 1097854 - 725319. Is m composite?
True
Let n = -591 + 521. Is 12/(-42) + (-5)/n*35830 composite?
True
Is -3*(-34)/459*9*856666/4 a prime number?
False
Suppose i = 5018 - 12871. Let x = i + 17754. Is x composite?
False
Suppose -i - 3*i + 12 = 0. Suppose -i*l - 13888 = -11*l. Suppose -7*u = -315 - l. Is u composite?
False
Suppose -22*w + 666103 = -21*w. Suppose 0*o - w = -23*o. Is o a prime number?
True
Let q be (-550)/(-75)*(-6)/(-11). Suppose 3*h = -q*h + 7609. Is h a prime number?
True
Suppose t + z - 254246 = 0, z + 86586 + 167666 = t. Is t a composite number?
False
Is -6 + 6/2 + ((-33)/3 - -14271) composite?
True
Let f be 10 - (-4 - -13) - 105. Suppose 0 = 5*m - 5, 0*a = -a - m - 230. Let v = f - a. Is v a prime number?
True
Suppose 14*z - 86540 = -6*z. Suppose w - 3*o = z, 11*o + 8654 = 2*w + 6*o. Is w a composite number?
False
Let m(q) = 386*q + 27. Suppose 35*z = 39*z - 20. Is m(z) a composite number?
True
Let o(v) = 36*v**2 + 21*v - 31. Let c(l) = 54*l**2 + 31*l - 47. Let m(b) = -5*c(b) + 8*o(b). Let x be m(-10). Suppose 4*g - x = 963. Is g a prime number?
False
Let u = -504770 + 868591. Is u prime?
False
Suppose 43*v + 1396830 = -21*v + 8932382. Is v a prime number?
False
Let a = 157900 + 20181. Is a composite?
True
Suppose 10 - 12 = -2*h. Let u be (1 - 3 - 0 - h)/(-1). Suppose -u*d - 12 = 0, -2*c - 2*c = -3*d - 584. Is c a composite number?
True
Let m(i) be the third derivative of 85*i**5/12 - 29*i**4/24 - 101*i**3/6 + 28*i**2 - i. Is m(-3) prime?
False
Suppose 5*m + 45135 = 20*m. Let k be ((-12)/(-15))/((-18)/(-315)). Suppose -k*c = -17*c + m. Is c prime?
False
Is (1*5 + 341/(-93))/(28/12672051) a composite number?
False
Let d be 267*(-15)/(-9)*(-2)/(-5). Let g = d - -1003. Let r = g + -72. Is r a prime number?
True
Let b(x) = -535*x - 7661. Is b(-121) prime?
False
Suppose -6*v = -5*h + 120857, 5*h = 2*h + v + 72509. Is h prime?
True
Let h(x) = -x**3 + x**2 - x - 5. Let j be h(0). Let m(y) be the third derivative of 29*y**5/20 + 5*y**4/24 + 11*y**3/6 - 51*y**2 - y. Is m(j) a prime number?
True
Suppose 3*h + 0*h = -24. Let i(d) = 2*d**2 + 13*d - 6. Let n be i(h). Suppose n*s - 21*s = -993. Is s a prime number?
True
Let g(d) = 2738*d + 474. Let z be g(7). Suppose 2*w = 6*w + 200. Is (z/w)/(6/(-15)) prime?
False
Suppose 4*h - 12 = -m, -3*h + 8 + 1 = -5*m. Suppose 4*r - 4*w + 5*w - 5142 = 0, -h*r - w = -3857. Suppose -5*v + 0*v + r = 0. Is v a prime number?
True
Let i = 4770 - -3853. Suppose 0 = 4*m + 20, -5*a + 3*m - 1053 = -i. Is a a prime number?
True
Let h = 257876 + -80229. Is h a prime number?
True
Let l(n) = 19*n**3 - 36*n**2 - 3*n - 34. Let a be l(-17). Let u = a - -149113. Is u composite?
True
Let g be (-94)/10 + 8/20. Let y(d) = -16*d + 4*d**2 - 3*d**2 + 5*d - 21. Is y(g) composite?
True
Suppose -s - 17*b + 22*b + 141367 = 0, s - 141375 = b. Is s prime?
False
Let v(h) = -h**2 - 11*h + 25. Let g be v(-13). Let w be -1 + 5*(-1)/g. Is (118/(-8))/((-1)/w) a composite number?
False
Let c(s) = 4*s. Let v be c(0). Let q be (-7)/(v + 1/(-591)). Is (7 + (-100)/15)/(1/q) a composite number?
True
Suppose 1838664 + 1512726 = 70*j. Is j a prime number?
False
Let s = 7523 - -39026. Is s composite?
False
Suppose 10*t - 1224673 = -73683. Is t composite?
False
Suppose -5*z - 5*f = -20, -4*f + 16 - 40 = -4*z. Suppose n - 5279 = -a - 2*a, -4*a + 7057 = z*n. Suppose -47*j + a = -44*j. Is j prime?
False
Let r(l) = -57792*l + 461. Is r(-1) a prime number?
False
Let o = 229 + -134. Let t = -69 + 71. Suppose -t*b + o = -11. Is b a prime number?
True
Let l = 86 + -95. Let w(u) = -401*u + 82. Is w(l) a prime number?
True
Let i(b) = -2*b**2 - 16*b - 30. Let h be i(-4). Suppose -4*z - h*w + 1534 = 0, -2*w - 1910 = -5*z - 3*w. Is z prime?
False
Let z(n) be the first derivative of -114*n**2 - 3*n + 53. Suppose -5*k - 6 = -2*k. Is z(k) a composite number?
True
Suppose -23*p + 4*u + 80945 = -22*p, 4*p - 323689 = 3*u. Is p a prime number?
True
Let x(l) = 1543*l + 246. Is x(5) a prime number?
False
Suppose 0*o - 3 = o. Let a be 1 - 0 - (-6 + o). Suppose 7783 = a*k - 11947. Is k a prime number?
True
Suppose 1073094 + 1325244 = 18*r. Is r composite?
False
Let r(b) be the third derivative of 82*b**4 + b**3 - 3*b**2. Let m be r(3). Suppose -5*u + 3953 = 2*y, -m = -3*y - u - 0*u. Is y prime?
False
Is (2 - 7) + ((-1488676)/(-105) - 12/(-90)) a composite number?
False
Let u(m) = -16 + 55*m**2 - m**3 - 29*m**2 - 24*m**2. Let j be u(0). Is (1614/(-8))/(6/j) a prime number?
False
Let m(u) = -1125*u**3 + 10*u**2 - 18*u + 14. Is m(-5) a composite number?
True
Suppose -65 = -5*a - 5*b, 2*a - b - 9 - 8 = 0. Suppose -a*l - 6 = -8*l. Let g(q) = -100*q - 9. Is g(l) composite?
True
Let p(y) = -229*y + 86*y - 149 - 164*y + 231. Is p(-13) composite?
False
Let y be (-4)/(-12) + (-2 - (-128)/3). Let l = -34 + y. Is 0/1 + l + 1594 composite?
False
Suppose -9*o + 5*o - 15574 = -2*j, -2*j = 7*o - 15574. Is j composite?
True
Let x(s) = -s**3 - 7*s**2 + 5*s - 11. Let a = 43 - 51. Let j be x(a). Suppose j*p - 52 = 11*p. Is p a composite number?
True
Is (-8009202)/(-18) - -11 - (-1)/3 composite?
False
Suppose -14*o = 1160 + 1158 - 2458. Let d = -11 - -15. Suppose -d*r - 13710 = -o*r. Is r a prime number?
False
Suppose -a - 2*y = -142013, a + y + 59045 = 201056. Is a a prime number?
False
Suppose 0*a + a + 4*f - 2 = 0, 0 = -3*a - 4*f + 6. Let l be 4/((a + -1)/(2/4)). Suppose 391 = -4*u - 5*j + 1124, -2*u - l*j = -368. Is u prime?
False
Is -7 - (130960/(-15))/(2/105) a prime number?
False
Suppose -2*q + q + 4*z - 15 = 0, -4*z = 4*q - 20. Let h be (26/5 - 6)*(-2)/(20/(-25)). Is (q + 9692/12)/(h/(-3)) a prime number?
True
Let n(u) = 9*u - 74. Let r be n(-21). Let y = 512 + r. Is y a composite number?
True
Let y be 41401/2 - (-77)/(-154). Let w(o) = 6862*o + 3. Let u be w(-2). Let s = u + y. Is s a prime number?
False
Let q = 210 + -211. Is q/((36/14958)/(52/(-6))) prime?
False
Let f(a) = 4*a - 22. Let i be f(8). Is (-2765)/i*1*-2 a prime number?
False
Let m = 125 - 81. Suppose 3*l - 13820 = -4*v, 3411 = v - 5*l - m. Is v prime?
False
Suppose -4*o = 5*l - 236575, o - 12*l = -9*l + 59165. Is o/6 + (-7)/((-168)/16) a prime number?
True
Suppose 14636 = 5*v + n, 17*v - 18*v = 4*n - 2931. Is v a composite number?
False
Let t(a) = 8575*a + 42. Let q be t(9). Suppose -8*y = 2*k - 3*y - q, 4*k + 5*y - 154459 = 0. Is k composite?
True
Suppose -3*p - 3*i - 6 = 0, 21 = 2*p - 0*p - 3*i. Let r(a) = -4 + 20 - p*a**3 + 4*a**2 - 13*a**2 + 9*a. Is r(-7) a composite number?
False
Let m(f) = f + 7 - 12 + 7. Let b be m(10). Let p(k) = 16*k - 35. Is p(b) composite?
False
Is (-87)/58*590232/(-18) prime?
False
Suppose -1644*x = -1639*x - 1604165. Is x prime?
True
Let a(w) = -8429*w + 2671. Is a(-32) a composite number?
False
Suppose -4*i - 10 + 25 = -z, 3*i - 3*z = 0. Suppose -749 - 1256 = -i*c - s, 4*c + 3*s = 1615. Suppose -570 = -10*u + c. Is u a composite number?
False
Let i be (1/(-3) + (-10)/15)*-4. Suppose 10*z + 4164 = i*z. Let y = z + 1673. Is y a prime number?
False
Suppose -i + 14 = o, -30 = -i - i - 3*o. Suppose 3*d - z = -6*z - 1201, 3*z - i = 0. Let p = 12 - d. Is p composite?
False
Let u(i) be the second derivative of -19*i + 0 - 437/6*i**3 + 15*i**2. Is u(-7) a prime number?
True
Is ((-199802)/(-8))/(-17 - (-207)/12) a composite number?
False
Suppose -202721 = -3*d - 2180. Suppose -20*p = 5*c - 17*p - d, 2*c - p = 26730. Is c a prime number?
True
Suppose -182*b - 31987172 = -104368026. Is b a prime number?
True
Let l be (8/12)/(6*5/2967075). Suppose -4*g + h = -87909, 0 = 3*g + 14*h - 18*h - l. Is g composite?
False
Let i = 2795 - 1901. Let l = 1491 - i. Is l a composite number?
True
Suppose 0 = -a - 5, -722 = -12*c + 11*c + 2*a. Is (-7794)/(-24)*c/6 composite?
True
Suppose -5*b + 3*g = -b - 174888, -3*g 